{"id":155,"date":"2018-12-17T18:25:57","date_gmt":"2018-12-17T18:25:57","guid":{"rendered":"http:\/\/bzoengomados.com\/?page_id=155"},"modified":"2024-06-14T09:53:30","modified_gmt":"2024-06-14T09:53:30","slug":"politica-de-cookies","status":"publish","type":"page","link":"https:\/\/bzoengomados.com\/index.php\/politica-de-cookies\/","title":{"rendered":"Pol\u00edtica de Cookies"},"content":{"rendered":"\t\t<div data-elementor-type=\"wp-page\" data-elementor-id=\"155\" class=\"elementor elementor-155\">\n\t\t\t\t\t\t<div class=\"elementor-inner\">\n\t\t\t\t<div class=\"elementor-section-wrap\">\n\t\t\t\t\t\t\t\t\t<section class=\"elementor-section elementor-top-section elementor-element elementor-element-94b9041 elementor-section-boxed elementor-section-height-default elementor-section-height-default\" data-id=\"94b9041\" data-element_type=\"section\">\n\t\t\t\t\t\t<div class=\"elementor-container elementor-column-gap-default\">\n\t\t\t\t\t\t\t<div class=\"elementor-row\">\n\t\t\t\t\t<div class=\"elementor-column elementor-col-100 elementor-top-column elementor-element elementor-element-f0f4993\" data-id=\"f0f4993\" data-element_type=\"column\">\n\t\t\t<div class=\"elementor-column-wrap elementor-element-populated\">\n\t\t\t\t\t\t\t<div class=\"elementor-widget-wrap\">\n\t\t\t\t\t\t<div class=\"elementor-element elementor-element-2d475e9 elementor-widget elementor-widget-text-editor\" data-id=\"2d475e9\" data-element_type=\"widget\" data-widget_type=\"text-editor.default\">\n\t\t\t\t<div class=\"elementor-widget-container\">\n\t\t\t\t\t\t\t\t<div class=\"elementor-text-editor elementor-clearfix\">\n\t\t\t\t<p><strong>INFORMACI\u00d3N DE COOKIES<\/strong>:<br>Las cookies son archivos que se pueden descargar en su equipo a trav\u00e9s<br>de las p\u00e1ginas web. Son herramientas que tienen un papel esencial para<br>la prestaci\u00f3n de numerosos servicios de la sociedad de la informaci\u00f3n.<br>Entre otros, permiten a una p\u00e1gina web almacenar y recuperar<br>informaci\u00f3n sobre los h\u00e1bitos de navegaci\u00f3n de un usuario o de su<br>equipo y, dependiendo de la informaci\u00f3n obtenida, se pueden utilizar<br>para reconocer al usuario y mejorar el servicio ofrecido.<br><strong>TIPOS DE COOKIES<\/strong>:<br>Seg\u00fan quien sea la entidad que gestione el dominio desde donde se<br>env\u00edan las cookies y trate los datos que se obtengan se pueden<br>distinguir dos tipos: cookies propias y cookies de terceros.<br>Existe tambi\u00e9n una segunda clasificaci\u00f3n seg\u00fan el plazo de tiempo que<br>permanecen almacenadas en el navegador del cliente, pudiendo tratarse<br>de cookies de sesi\u00f3n o cookies persistentes.<br>Por \u00faltimo, existe otra clasificaci\u00f3n con cinco tipos de cookies seg\u00fan<br>la finalidad para la que se traten los datos obtenidos: cookies<br>t\u00e9cnicas, cookies de personalizaci\u00f3n, cookies de an\u00e1lisis, cookies<br>publicitarias y cookies de publicidad comportamental.<\/p><p>COOKIES UTILIZADAS EN LA WEB:&nbsp;<\/p><p>A continuaci\u00f3n se identifican las cookies que est\u00e1n siendo utilizadas en este portal as\u00ed como su\ntipolog\u00eda y funci\u00f3n:<br><\/p>\n<p>Tipo de Cookies: necesarias para el correcto funcionamiento.<\/p>\n<p>Finalidad: Funcional.<\/p>\n<p>Duraci\u00f3n: 1 d\u00eda.<\/p>\n<p>Terceros: No hay cesi\u00f3n ninguna.<\/p>\t\t\t\t\t<\/div>\n\t\t\t\t\t\t<\/div>\n\t\t\t\t<\/div>\n\t\t\t\t\t\t<\/div>\n\t\t\t\t\t<\/div>\n\t\t<\/div>\n\t\t\t\t\t\t\t\t<\/div>\n\t\t\t\t\t<\/div>\n\t\t<\/section>\n\t\t\t\t\t\t\t\t\t<\/div>\n\t\t\t<\/div>\n\t\t\t\t\t<\/div>\n\t\t","protected":false},"excerpt":{"rendered":"<p>INFORMACI\u00d3N DE COOKIES:Las cookies son archivos que se pueden descargar en su equipo a trav\u00e9sde las p\u00e1ginas web. Son herramientas que tienen un papel esencial parala<span class=\"excerpt-hellip\"> [\u2026]<\/span><\/p>\n","protected":false},"author":2,"featured_media":0,"parent":0,"menu_order":0,"comment_status":"closed","ping_status":"closed","template":"","meta":[],"_links":{"self":[{"href":"https:\/\/bzoengomados.com\/index.php\/wp-json\/wp\/v2\/pages\/155"}],"collection":[{"href":"https:\/\/bzoengomados.com\/index.php\/wp-json\/wp\/v2\/pages"}],"about":[{"href":"https:\/\/bzoengomados.com\/index.php\/wp-json\/wp\/v2\/types\/page"}],"author":[{"embeddable":true,"href":"https:\/\/bzoengomados.com\/index.php\/wp-json\/wp\/v2\/users\/2"}],"replies":[{"embeddable":true,"href":"https:\/\/bzoengomados.com\/index.php\/wp-json\/wp\/v2\/comments?post=155"}],"version-history":[{"count":8,"href":"https:\/\/bzoengomados.com\/index.php\/wp-json\/wp\/v2\/pages\/155\/revisions"}],"predecessor-version":[{"id":188,"href":"https:\/\/bzoengomados.com\/index.php\/wp-json\/wp\/v2\/pages\/155\/revisions\/188"}],"wp:attachment":[{"href":"https:\/\/bzoengomados.com\/index.php\/wp-json\/wp\/v2\/media?parent=155"}],"curies":[{"name":"wp","href":"https:\/\/api.w.org\/{rel}","templated":true}]}}