{"id":150,"date":"2018-12-17T18:19:27","date_gmt":"2018-12-17T18:19:27","guid":{"rendered":"http:\/\/bzoengomados.com\/?page_id=150"},"modified":"2021-06-27T10:24:49","modified_gmt":"2021-06-27T10:24:49","slug":"politica-de-privacidad","status":"publish","type":"page","link":"https:\/\/bzoengomados.com\/index.php\/politica-de-privacidad\/","title":{"rendered":"Pol\u00edtica de Privacidad"},"content":{"rendered":"<p><strong>RESPONSABLE DEL TRATAMIENTO<\/strong><br \/>\nEl Responsable del Tratamiento es BZO ENGOMADOS S.L.U., Plg industrial<br \/>\nEls Algars, C\/ibi, 9, 03820, Cocentaina (ALICANTE).<br \/>\n<strong>PRINCIPIOS DE PRIVACIDAD<\/strong><br \/>\nDesde BZO ENGOMADOS S.L.U. nos comprometemos contigo a trabajar<br \/>\ncontinuamente para garantizar la privacidad en el tratamiento de tus<br \/>\ndatos personales, y para ofrecerte en cada momento la informaci\u00f3n m\u00e1s<br \/>\ncompleta y clara que podamos. Te animamos a leer detenidamente esta<br \/>\nsecci\u00f3n antes de facilitarnos tus datos personales.<br \/>\nSi eres menor de catorce a\u00f1os te rogamos que no nos facilites tus<br \/>\ndatos sin consentimiento de tus padres.<br \/>\nEn este apartado te informamos de c\u00f3mo tratamos los datos de las<br \/>\npersonas que tienen relaci\u00f3n con nuestra organizaci\u00f3n. Empezando por<br \/>\nnuestros principios:<br \/>\n&#8211; No solicitamos informaci\u00f3n personal, a no ser que sea necesaria para<br \/>\nprestarte los servicios que nos requieras.<br \/>\n&#8211; Nunca compartimos informaci\u00f3n personal con nadie, excepto para<br \/>\ncumplir la ley, o contemos con tu autorizaci\u00f3n expresa.<br \/>\n&#8211; Nunca utilizaremos tus datos personales para finalidades distintas a<br \/>\nlas expresadas en la presente pol\u00edtica de privacidad.<br \/>\n&#8211; Tus datos siempre ser\u00e1n tratados con un nivel de protecci\u00f3n adecuado<br \/>\na la legislaci\u00f3n en materia de protecci\u00f3n de datos, y no los<br \/>\nsometeremos a decisiones automatizadas.<br \/>\nLa presente pol\u00edtica de privacidad la hemos redactado teniendo en<br \/>\ncuenta las exigencias de la actual legislaci\u00f3n de protecci\u00f3n de datos:<br \/>\n&#8211; Reglamento (UE) 2016\/679 del Parlamento Europeo y del Consejo de 27<br \/>\nde abril de 2016 relativo a la protecci\u00f3n de las personas f\u00edsicas<br \/>\n(RGPD).<br \/>\n&#8211; Ley Org\u00e1nica 3\/2018, de 5 de diciembre, de Protecci\u00f3n de Datos de Car\u00e1cter Personal y garant\u00eda de los derechos digitales (LOPD).<br \/>\n&#8211; Real Decreto 1720\/2007, de 21 de diciembre (RLOPD).<br \/>\nEsta pol\u00edtica de privacidad est\u00e1 redactada con fecha 25 de mayo de<br \/>\n2018.<br \/>\nCon motivo de la modificaci\u00f3n de criterios de tratamiento, en aras de\u00a0facilitar su comprensi\u00f3n o de adaptarla a la legalidad vigente, es<br \/>\nposible que modifiquemos la presente pol\u00edtica de privacidad.<br \/>\nActualizaremos la fecha de la misma, para que puedas comprobar su<br \/>\nvigencia.<br \/>\n<strong>TRATAMIENTOS QUE REALIZAMOS<\/strong><br \/>\n<strong>TRATAMIENTO DE CONTACTOS<\/strong><br \/>\n<strong>Finalidad<\/strong>: Atender tus solicitudes, peticiones o consultas recibidas<br \/>\ndesde la web, mediante correo electr\u00f3nico o telef\u00f3nico. Dar respuesta<br \/>\na tu solicitud y hacer un seguimiento posterior.<br \/>\n<strong>Legitimaci\u00f3n<\/strong>: Consentimiento del interesado.<br \/>\n<strong>Destinatarios<\/strong>: No se ceder\u00e1n datos a terceros.<br \/>\n<strong>Periodo de conservaci\u00f3n<\/strong>: Conservaremos tus datos durante el tiempo<br \/>\nnecesario para cumplir con la finalidad para la que se ha recabado y<br \/>\npara determinar las posibles responsabilidades que se pudieran derivar<br \/>\nde dicha finalidad y del tratamiento de los datos.<br \/>\n<strong>TRATAMIENTO DE CLIENTES<\/strong><br \/>\n<strong>Finalidad<\/strong>: Gestionar las relaciones con los clientes, facturaci\u00f3n y<br \/>\ncobro. Env\u00edo de ofertas de productos\/ servicios similares o<br \/>\ncomplementarios de los que nos hayas comprado.<br \/>\n<strong>Legitimaci\u00f3n<\/strong>: Relaci\u00f3n contractual e inter\u00e9s leg\u00edtimo.<br \/>\n<strong>Destinatarios<\/strong>: Tus datos ser\u00e1n comunicados a las Administraciones<br \/>\np\u00fablicas competentes en los casos previstos en la legislaci\u00f3n vigente,<br \/>\ny con los fines que dicha legislaci\u00f3n establezca. S\u00f3lo los<br \/>\ncomunicaremos a aquellos terceros si resultan imprescindibles para la<br \/>\nprestaci\u00f3n del servicio.<br \/>\n<strong>Periodo de conservaci\u00f3n<\/strong>: Conservaremos tus datos por un tiempo<br \/>\nindefinido una vez finalice el plazo obligatorio por ley, o hasta que<br \/>\nsolicites la cancelaci\u00f3n de los mismos.<br \/>\n<strong>TRATAMIENTO DE MARKETING<\/strong><br \/>\n<strong>Finalidad<\/strong>: Proporcionarte informaci\u00f3n de productos y servicios que<br \/>\nconsideremos que puedan ser de tu inter\u00e9s. En cada comunicaci\u00f3n<br \/>\ncomercial tendr\u00e1s la oportunidad de oponerte a este tratamiento<br \/>\nd\u00e1ndote de baja.<br \/>\n<strong>Legitimaci\u00f3n<\/strong>: Consentimiento del interesado.<br \/>\n<strong>Destinatarios<\/strong>: No se ceder\u00e1n datos a terceros.<br \/>\n<strong>Periodo de conservaci\u00f3n<\/strong>: Conservaremos tus datos durante un periodo<br \/>\nindefinido. Los cancelaremos si lo solicitas, o si tras un cierto<br \/>\nn\u00famero de correos electr\u00f3nicos, no realizas ninguna acci\u00f3n.<br \/>\n<strong>TRATAMIENTO DE RRHH<\/strong><br \/>\n<strong>Finalidad<\/strong>: Valorar el curriculum vitae que nos facilites para<br \/>\nconsiderarte en los procesos de selecci\u00f3n de personal que podamos<br \/>\nrealizar.<br \/>\n<strong>Legitimaci\u00f3n<\/strong>: Consentimiento del interesado.<br \/>\n<strong>Destinatarios<\/strong>: No se ceder\u00e1n datos a terceros.<br \/>\n<strong>Periodo de conservaci\u00f3n:<\/strong> Conservaremos tus datos durante un plazo no<br \/>\nsuperior a 5 a\u00f1os.<\/p>\n<p><strong>TUS DERECHOS<\/strong><br \/>\nTienes derecho a solicitarnos una copia de tus datos personales, a<br \/>\nrectificar los datos inexactos o completarlos si estuvieren<br \/>\nincompletos, o en su caso suprimirlos, cuando ya no sean necesarios<br \/>\npara los fines para los que fueron recogidos.<br \/>\nTambi\u00e9n tienes derecho a limitar el tratamiento de tus datos<br \/>\npersonales y a obtener tus datos personales en un formato estructurado<br \/>\ny legible.<br \/>\nPuedes oponerte al tratamiento de tus datos personales en algunas<br \/>\ncircunstancias (en particular, cuando no tengamos que procesarlos para<br \/>\ncumplir con un requisito contractual u otro requisito legal, o cuando<br \/>\nel objeto del tratamiento sea el marketing directo).<br \/>\nCuando nos hayas otorgado tu consentimiento, podr\u00e1s retirarlo en<br \/>\ncualquier momento. En ese momento dejaremos de tratar tus datos o, en<br \/>\nsu caso, dejaremos de hacerlo para esa finalidad en concreto. Si<br \/>\ndecides retirar tu consentimiento, esto no afectar\u00e1 a ning\u00fan<br \/>\ntratamiento que haya tenido lugar mientras tu consentimiento estaba<br \/>\nvigente.<br \/>\nEstos derechos podr\u00e1n verse limitados; por ejemplo si para cumplir tu<br \/>\nsolicitud tuvi\u00e9semos que revelar datos sobre otra persona, o si nos<br \/>\nsolicitas que eliminemos algunos registros que estamos obligados a<br \/>\nmantener por una obligaci\u00f3n legal o por un inter\u00e9s leg\u00edtimo, como<br \/>\npueda ser el ejercicio de defensa ante reclamaciones. O incluso en<br \/>\naquellos casos donde debe prevalecer el derecho a la libertad de<br \/>\nexpresi\u00f3n e informaci\u00f3n.<br \/>\nPuedes contactar con nosotros por cualquiera de los medios indicados<br \/>\nen el apartado Responsable del Tratamiento de esta pol\u00edtica de<br \/>\nprivacidad, aportando una copia de un documento que acredite tu<br \/>\nidentidad (normalmente el DNI).<br \/>\nOtro de tus derechos es el de no ser objeto de una decisi\u00f3n basada<br \/>\n\u00fanicamente en un tratamiento automatizado, incluida la elaboraci\u00f3n de<br \/>\nperfiles que produzca efectos jur\u00eddicos o te afecte.<br \/>\nFrente a cualquier vulneraci\u00f3n de tus derechos, como, por ejemplo, que<br \/>\nno hayamos atendido tu solicitud, tienes derecho a presentar una<br \/>\nreclamaci\u00f3n ante la Autoridad de Control en materia de protecci\u00f3n de<br \/>\ndatos. Esta puede ser la de tu pa\u00eds (si vives fuera de Espa\u00f1a) o la<br \/>\nAgencia Espa\u00f1ola de Protecci\u00f3n de Datos (si vives en Espa\u00f1a).<\/p>\n<p><strong>INFORMACI\u00d3N ADICIONAL<\/strong><br \/>\nTratamiento de tus datos fuera del Espacio Econ\u00f3mico Europeo.<br \/>\nPara los tratamientos indicados podemos utilizar servicio de los<br \/>\nsiguientes proveedores ajenos al Espacio Econ\u00f3mico Europeo, pero\u00a0acogidos al acuerdo de Privacy Shield, aprobado por las autoridades de<br \/>\nprotecci\u00f3n de datos de la Uni\u00f3n Europea.<br \/>\n<strong>GOOGLE<\/strong>: Servicios en la nube y correo electr\u00f3nico. M\u00e1s informaci\u00f3n:<br \/>\nhttps:\/\/www.privacyshield.gov\/participant?id=a2zt000000001L5AAI<br \/>\n<strong>MICROSOFT<\/strong>: Servicios en la nube, comunicaci\u00f3n v\u00eda Skype y correo<br \/>\nelectr\u00f3nico. M\u00e1s informaci\u00f3n:<br \/>\nhttps:\/\/www.privacyshield.gov\/participant?id=a2zt0000000KzNaAAK<br \/>\n<strong>AMAZON<\/strong>: Servicios en la nube. M\u00e1s informaci\u00f3n:<br \/>\nhttps:\/\/www.privacyshield.gov\/participant?id=a2zt0000000TOWQAA4<br \/>\n<strong>DROPBOX<\/strong>: Almacenamiento en la nube, sincronizaci\u00f3n y compartici\u00f3n de<br \/>\narchivos. M\u00e1s informaci\u00f3n:<br \/>\nhttps:\/\/www.privacyshield.gov\/participant?id=a2zt0000000GnCLAA0<br \/>\n<strong>MAILCHIMP<\/strong>: Gesti\u00f3n de env\u00edos de correos electr\u00f3nicos. M\u00e1s<br \/>\ninformaci\u00f3n:https:\/\/www.privacyshield.gov\/participant?id=a2zt0000000TO<br \/>\n6hAAG<br \/>\n<strong>WHATSAPP<\/strong>: Servicio de mensajer\u00eda instant\u00e1nea y env\u00edo de archivos. M\u00e1s<br \/>\ninformaci\u00f3n:<br \/>\nhttps:\/\/www.privacyshield.gov\/participant?id=a2zt0000000TSnwAAG<br \/>\n<strong>Enlaces a sitios web de terceros.<\/strong><br \/>\nNuestro sitio web puede, en algunas ocasiones, contener enlaces hacia<br \/>\notros sitios web. Es tu responsabilidad asegurarte de leer la pol\u00edtica<br \/>\nde protecci\u00f3n de datos y las condiciones legales que se apliquen a<br \/>\ncada sitio.<br \/>\n<strong>Datos de terceros.<\/strong><br \/>\nSi nos facilitas datos de terceros, asumes la responsabilidad de<br \/>\ninformarles previamente seg\u00fan lo establecido en el art\u00edculo 14 del<br \/>\nRGPD.<\/p>\n","protected":false},"excerpt":{"rendered":"<p>RESPONSABLE DEL TRATAMIENTO El Responsable del Tratamiento es BZO ENGOMADOS S.L.U., Plg industrial Els Algars, C\/ibi, 9, 03820, Cocentaina (ALICANTE). PRINCIPIOS DE PRIVACIDAD Desde BZO ENGOMADOS<span class=\"excerpt-hellip\"> [\u2026]<\/span><\/p>\n","protected":false},"author":2,"featured_media":0,"parent":0,"menu_order":0,"comment_status":"closed","ping_status":"closed","template":"","meta":[],"_links":{"self":[{"href":"https:\/\/bzoengomados.com\/index.php\/wp-json\/wp\/v2\/pages\/150"}],"collection":[{"href":"https:\/\/bzoengomados.com\/index.php\/wp-json\/wp\/v2\/pages"}],"about":[{"href":"https:\/\/bzoengomados.com\/index.php\/wp-json\/wp\/v2\/types\/page"}],"author":[{"embeddable":true,"href":"https:\/\/bzoengomados.com\/index.php\/wp-json\/wp\/v2\/users\/2"}],"replies":[{"embeddable":true,"href":"https:\/\/bzoengomados.com\/index.php\/wp-json\/wp\/v2\/comments?post=150"}],"version-history":[{"count":6,"href":"https:\/\/bzoengomados.com\/index.php\/wp-json\/wp\/v2\/pages\/150\/revisions"}],"predecessor-version":[{"id":166,"href":"https:\/\/bzoengomados.com\/index.php\/wp-json\/wp\/v2\/pages\/150\/revisions\/166"}],"wp:attachment":[{"href":"https:\/\/bzoengomados.com\/index.php\/wp-json\/wp\/v2\/media?parent=150"}],"curies":[{"name":"wp","href":"https:\/\/api.w.org\/{rel}","templated":true}]}}